he remainder when b(-8) is divided by 11?
8
Suppose -27*z - 24 = -29*z. What is the remainder when z is divided by 5?
2
Let o be (-16)/(-6)*9/6. Calculate the remainder when 36 is divided by ((-26)/(-5))/(o/10).
10
Suppose 0*n - n + 2 = 0. Suppose -n*s + 29 + 243 = 0. Suppose 3*g + 27 - s = -t, -g = -4*t - 45. Calculate the remainder when g is divided by 13.
11
Let p = -39 - -81. Let v(r) = -r - 5. Calculate the remainder when p is divided by v(-16).
9
Suppose -5*w - 65 = -10*w. What is the remainder when 48 is divided by w?
9
Calculate the remainder when 42 is divided by (-24)/(-84) + 122/14.
6
Calculate the remainder when 3/(27/951) + 2/6 is divided by 27.
25
Let g = -14 + 10. Suppose -3*i = -4*i + 5. Calculate the remainder when (7 - 0)*(6 + g) is divided by i.
4
Suppose v + v + 28 = 0. What is the remainder when (-102)/v + (-4)/14 is divided by 13/4 + (-2)/8?
1
Let l(n) = n**3 - 9*n**2 + 9*n. Let o be l(6). Let r = -29 - o. What is the remainder when 48 is divided by r?
23
Suppose -5*p + 104 = -36. What is the remainder when p is divided by 13?
2
Suppose 7 + 3 = 2*k, -3*c - k = 145. Let h = 1 + 3. What is the remainder when 28 is divided by (c/(-15))/(h/18)?
13
Let p = 4 - -14. Suppose 2*c - p = 2. Let y(m) = 3*m**2 + 4*m - 3. What is the remainder when y(-4) is divided by c?
9
Let u be 4/16 - 30/(-8). Suppose -5*g + 25 = 0, -z + 120 = u*z - g. Calculate the remainder when z is divided by 9.
7
Suppose -2 = -5*b + 3*n + 6, b + 3*n - 16 = 0. What is the remainder when b is divided by 2?
0
Let w(m) = m + 9. Let c be w(-7). Let t(k) = 5*k. Let v be t(c). Suppose -4*s - v + 39 = y, 0 = -2*y + 10. Calculate the remainder when 17 is divided by s.
5
Let z(v) = -v**3 - v**2 + v + 7. What is the remainder when z(0) is divided by 5?
2
Let y = 7 - -2. Let j(r) = r**2 + 6*r + 10. Let l be (3 - 8 - 2) + 0. What is the remainder when j(l) is divided by y?
8
Let i = 64 + -149. Suppose 3*c - 76 = -226. Let u = c - i. What is the remainder when u is divided by 9?
8
Let p = -64 + 92. Calculate the remainder when p is divided by 8.
4
Suppose -a = 2*a - 27. Let h = 24 + a. Calculate the remainder when h is divided by 12.
9
Let h = -5 - -8. Suppose -2*u + h*u = 10. Suppose t + 57 = 2*l, 5*l + 0*t - 4*t - 141 = 0. Calculate the remainder when l is divided by u.
9
Suppose 0*z = 3*z - 6. Suppose -2*r - u + 8 = 0, u + z = 6. Suppose -3*t = -r - 73. What is the remainder when t is divided by 9?
7
What is the remainder when 89 is divided by -24*39/52*(-16)/18?
9
Let r(h) = -h**2 - 12*h - 2. What is the remainder when r(-8) is divided by 17?
13
Suppose -g + i + 19 = -2*i, -20 = 4*i. Suppose 0 = 3*j - 3*r - 18, 2*j + g*r = 5*r + 14. Let l = -8 + 13. What is the remainder when j is divided by l?
3
Let s be (-67)/(-3) + 10/15. Suppose c - s = -c - n, 4*c = -n + 51. What is the remainder when 40 is divided by c?
12
Let z(t) = -2*t - 3. Let n be z(-3). Let v be 2/6 + 89/n. Calculate the remainder when (v/12)/((-1)/(-10)) is divided by 9.
7
Let m(w) = w**2 - 8*w - 16. What is the remainder when 46 is divided by m(11)?
12
Let t = -108 - -115. What is the remainder when 22 is divided by t?
1
Suppose -2*d - 6*m + 3*m + 18 = 0, d - 2*m - 16 = 0. Suppose 0 = -i + 5*i - 132. What is the remainder when i is divided by d?
9
Suppose -4*h + 9 = 3*b, -2*b - 4*h + 2 = -0*b. Let i(x) = 3*x + 8. What is the remainder when i(b) is divided by 10?
9
Suppose 4*k = 2*b - b + 5, -b + 1 = 2*k. Let c be 1 + 1 - k - -1. Suppose 20 = -0*t + c*t. Calculate the remainder when 29 is divided by t.
9
Let s be (9/(-4))/((-9)/24). Suppose -462 - 24 = -s*u. Calculate the remainder when u is divided by 28.
25
Let q = -11 - -46. Calculate the remainder when q is divided by 16.
3
Let l(x) = -2*x + 2. Let o(s) = -s**2 - 20*s - 12. What is the remainder when o(-17) is divided by l(-6)?
11
Suppose -6*p = -2*p - 20. Suppose -1 = -2*b + p. Suppose -2*v = -b*v + 7. Calculate the remainder when 25 is divided by v.
4
Suppose 0 = -4*t + 16, 3*j - 3 = 2*t + t. Suppose w + 0 = j. Suppose 5*b + 2*c - 9 + 1 = 0, w*b = 2*c + 12. What is the remainder when 5 is divided by b?
1
Suppose -5*z + 25 = -35. Let j(g) = -4 - 9 - 3*g + g. Calculate the remainder when z is divided by j(-10).
5
Suppose 328 - 115 = 3*f. Calculate the remainder when f is divided by 18.
17
Suppose -t = -4*t + 366. Suppose 22 + t = 4*b. What is the remainder when b is divided by 19?
17
Suppose 0 = t - 4*t - 6. Let a be -1 - (t - 2) - -1. Suppose -a*h + 80 = 2*w, -w + 8 = -3*w. What is the remainder when h is divided by 8?
6
Suppose 0 = -4*b - 2*k + 12, 0*b - 2*b + 6 = 2*k. Let v be 1*(b + -2) - 1. Let h = v + 4. Calculate the remainder when 7 is divided by h.
3
Suppose -o + 2 = -39. Suppose 4*a = m - 2*m + o, -14 = -a - 4*m. Let s(i) = i**2 - 3*i. Calculate the remainder when s(7) is divided by a.
8
Let v(i) = -i - 17. Let r be v(-19). Let p(h) = h**2 + h + 1. Calculate the remainder when 20 is divided by p(r).
6
Let c = 7 - 4. Let b(q) = -q - 7 + 21 + 0*q + 11 - q**c. What is the remainder when b(0) is divided by 13?
12
Suppose a + 7 = -7. Let c = -8 - a. What is the remainder when 22 is divided by c?
4
Suppose 5*a + y - 175 = -4*y, 85 = 3*a - y. What is the remainder when a is divided by 16?
14
Let q(a) = a**2 - 2*a + 2. Let v be (-7 - -16)*1*-1. Let j be ((-8)/(-6))/(3/v). Calculate the remainder when q(j) is divided by 9.
8
Suppose 62*w - 39 = 59*w. Calculate the remainder when 139 is divided by w.
9
Let s be (2 - -5) + 1 + -3. Suppose 0 = -s*p + 76 - 21. Calculate the remainder when p is divided by 6.
5
Let w(t) = 27*t**2 - 2*t. What is the remainder when 45 is divided by w(1)?
20
Let h be 6/(-15)*(-7 + 2). Suppose 0 = -4*o - 5*q + 24, -32 + 6 = -h*o + q. Calculate the remainder when 32 is divided by o.
10
Suppose 8*i - 4*i - 32 = 0. Calculate the remainder when i is divided by (0 - 5)/(-3 - (-6)/3).
3
Suppose 98 = 2*d + 2*s, d - 24 = -2*s + 27. Calculate the remainder when d is divided by 12.
11
Suppose s + 2*a - 18 = -s, 2*a - 31 = -3*s. Calculate the remainder when s is divided by (-42)/(-4)*(-4)/(-6).
6
Let b(m) = 13*m**2 + 0*m**2 - m**2. Calculate the remainder when b(-1) is divided by 5.
2
Let t be (-358)/(-9) + 2/9. Suppose t = 6*b - 2*b. What is the remainder when 38 is divided by b?
8
Suppose k = 13*k - 276. What is the remainder when k is divided by 9?
5
Let a be (-2)/(-6) - 15/(-9). Let y(s) = -s**2 - 7*s + 7. Let u be y(-7). Let r = a + u. Calculate the remainder when r is divided by 5.
4
Let g = 2 + -2. Suppose g = -0*y + 4*y - 64. Calculate the remainder when y is divided by 9.
7
Let q(x) = x + 27. Calculate the remainder when q(12) is divided by 14.
11
What is the remainder when 229 is divided by ((-92)/6)/(66/18 + -4)?
45
Suppose -52 = n - 222. Suppose 3*w + 2*w - n = 0. Calculate the remainder when w is divided by 9.
7
Let v = 18 - 11. Suppose -18 = s - 7*s. Calculate the remainder when v*(-2 + 0 + s) is divided by 3.
1
Suppose -42 + 8 = -2*d. Calculate the remainder when 63 is divided by d.
12
Suppose -25 = -3*n + 14. Let r = n + 1. Suppose -4*f = -r - 2, 2*y + 4*f - 64 = 0. What is the remainder when 46 is divided by y?
22
Let h be 2/8 + 14/8. Suppose -h*y + 33 = y. What is the remainder when y is divided by 4?
3
Suppose 6*x - 160 = 2*x. Suppose -i - 4*w = -6, 5*w - 19 = 5*i + 1. What is the remainder when x is divided by (-29)/i + 2/(-4)?
12
Let a = -30 + 48. What is the remainder when 70 is divided by a?
16
Suppose -2*l - 2 = -6. Let g be 3/(-6) + 27/6. Suppose 12 = -2*r + 5*y, -g*r + y = -y - 8. What is the remainder when r is divided by l?
0
Calculate the remainder when (-3 - -4)/((-1)/(-90)) is divided by 23.
21
Let g be 15/(-2)*(-24)/10. Suppose -i + g = y + i, -4*i + 12 = -y. Let r(z) = 4*z**2 + z. Calculate the remainder when r(-2) is divided by y.
6
Suppose 65 = 2*v - 7*v. Let m = -10 - v. What is the remainder when 6 is divided by m?
0
Let r = 16 + -10. Suppose 0 = -3*i - 0*i + r. Suppose -g + i*g = 5. Calculate the remainder when g is divided by 4.
1
Suppose 8*l + 42 = 9*l. What is the remainder when l is divided by 15?
12
Let s = 174 - 162. What is the remainder when 129 is divided by s?
9
Suppose 497 - 9 = 4*i. Suppose 0 = 5*w - i - 43. Calculate the remainder when w is divided by 9.
6
Let y(c) = -3*c. Let d be y